{"id":19661,"date":"2023-10-31T18:29:22","date_gmt":"2023-10-31T17:29:22","guid":{"rendered":"https:\/\/anihabara.de\/?page_id=19661"},"modified":"2023-10-31T18:29:22","modified_gmt":"2023-10-31T17:29:22","slug":"gewinnspiele","status":"publish","type":"page","link":"https:\/\/anihabara.de\/index.php\/gewinnspiele\/","title":{"rendered":"Gewinnspiele"},"content":{"rendered":"<p><img decoding=\"async\" class=\" alignright size-full wp-image-11807\" style=\"float: right; margin-left: 2%;\" src=\"https:\/\/anihabara.de\/wp-content\/uploads\/2017\/03\/18xjgebxs3kpzjpg.jpg\" alt=\"Gewinne, Gewinne, Gewinne\" width=\"40%\" srcset=\"https:\/\/anihabara.de\/wp-content\/uploads\/2017\/03\/18xjgebxs3kpzjpg.jpg 960w, https:\/\/anihabara.de\/wp-content\/uploads\/2017\/03\/18xjgebxs3kpzjpg-300x169.jpg 300w, https:\/\/anihabara.de\/wp-content\/uploads\/2017\/03\/18xjgebxs3kpzjpg-768x432.jpg 768w, https:\/\/anihabara.de\/wp-content\/uploads\/2017\/03\/18xjgebxs3kpzjpg-600x338.jpg 600w\" sizes=\"(max-width: 960px) 100vw, 960px\" \/>Gef\u00e4llt-Mir-Angaben und Follower sind meist die einzige M\u00f6glichkeit f\u00fcr potenzielle Kooperationspartner, einen Eindruck \u00fcber unsere Reichweite zu bekommen. Unsere Reichweite erm\u00f6glicht uns, tolle Beitr\u00e4ge und Kooperationen an den Start zu bringen. Um euch f\u00fcr die Treue zu danken, verlosen wir beim Erreichen bestimmter Meilensteine, aber auch so, entsprechend Preise. Wir dr\u00fccken euch die Daumen.<\/p>\n<p>Sofern ein Preis gesponsert wurde, ist dies hinter dem Gewinn vermerkt. Steht nichts dabei, kommt der Preis von uns. Nach Ablauf des Teilnahmeschlusses geben wir die Gewinner bekannt. Folgt innerhalb von drei Tagen keine R\u00fcckmeldung, wird neu ausgelost. Zur Teilnahme berechtigt ist jede Person, die ihre Anschrift in Deutschland, \u00d6sterreich oder der Schweiz hat. Eure Daten werden ausschlie\u00dflich zur Durchf\u00fchrung des Gewinnspiels verwendet und anschlie\u00dfend gel\u00f6scht. Laufende Gewinnspiele k\u00fcndigen wir in der Regel \u00fcber <a href=\"https:\/\/twitter.com\/anihabara_de\" target=\"_blank\" rel=\"noopener\">Twitter<\/a> und <a href=\"https:\/\/www.facebook.com\/anihabara.de\/\" target=\"_blank\" rel=\"noopener\">Facebook<\/a> an. Au\u00dferdem versehen wir die Navigationsleiste und den Unterpunkt mit folgendem Icon:\u00a0<img decoding=\"async\" class=\" size-full wp-image-11808\" src=\"https:\/\/anihabara.de\/wp-content\/uploads\/2017\/03\/pin-icon.png\" alt=\"neues Gewinnspiel\" width=\"20\" height=\"20\" \/><\/p>\n<p><strong>Follower bis zum n\u00e4chsten Gewinnspiel:<\/strong>\u00a0702<\/p>\n<p>&nbsp;<\/p>\n<div class=\"mybar yjsg-left\" data-yjsg-round-progress=\"\" data-start=\"0\" data-end=\"30\"><\/div>\n<p><strong>Twitter:<\/strong><\/p>\n<p>100 Follower: \u00bbDigimon Adventure tri. Chapter 1 &#8211; Reunion\u00ab auf Blu-ray im Futurepak<\/p>\n<p>250 Follower: ein Ticket f\u00fcr das \u00bbAkiba Pass Festival 2019\u00ab in einer Stadt deiner Wahl<\/p>\n<p>500 Follower: \u00bbFullmetal Alchemist Metal Edition\u00ab (Band 1) mit Box<\/p>\n<p>1.000 Follower: \u00bbMonogatari Series Box Set Season 1\u00ab<\/p>\n<p>2.000 Follower: ?<\/p>\n<p>3.000 Follower: ?<\/p>\n<p>4.000 Follower: ?<\/p>\n<p><strong>Gewinnspielarchiv:<\/strong><\/p>\n<p>Zum Start unserer Gewinnspielseite: 2x \u00bbSmokin&#8216; Parade\u00ab (Band 1)<\/p>\n<p>Zum Start unserer Manga-Ersteindrucksreihe: 1x \u00bbDevil\u2605Rock\u00ab (Band 1) &amp; 1x \u00bbReal Account\u00ab (Band 1)<\/p>\n<p>Zur Ver\u00f6ffentlichung: 2x \u00bbWer bist du zur blauen Stunde?\u00ab (Band 1) mit freundlicher Unterst\u00fctzung von <a href=\"https:\/\/www.carlsen.de\/manga\" target=\"_blank\" rel=\"noopener\">Carlsen Manga<\/a><\/p>\n<p>Zur Ver\u00f6ffentlichung: 1x \u00bbBeastars\u00ab (Band 1 &amp; 2) ink. Lesezeichenset mit freundlicher Unterst\u00fctzung von <a href=\"https:\/\/www.kaze-online.de\/\" target=\"_blank\" rel=\"noopener\">Kaz\u00e9 Manga<\/a><\/p>\n<p>Anime Streaming Days 2020:\u00a01x \u00bbGhost in the Shell: The New Movie\u00ab, 1x \u00bbMushishi\u00ab (Band 1) &amp; 1x \u00bbBlack Clover\u00ab-T-Shirt<br \/>\nmit freundlicher Unterst\u00fctzung von <a href=\"https:\/\/www.leonineanime.com\/\" target=\"_blank\" rel=\"noopener\">Leonine Anime<\/a>, <a href=\"https:\/\/www.cross-cult.de\/manga.html\" target=\"_blank\" rel=\"noopener\">Manga Cult<\/a> und <a href=\"https:\/\/www.crunchyroll.com\/de\" target=\"_blank\" rel=\"noopener\">Crunchyroll<\/a><\/p>\n<p>Zur Ver\u00f6ffentlichung: 1x \u00bbKomi-san can\u2019t communicate\u00ab (Band 1) inkl. Extra mit freundlicher Unterst\u00fctzung von <a href=\"https:\/\/www.tokyopop.de\/\" target=\"_blank\" rel=\"noopener\">Tokyopop<\/a><\/p>\n<p>Zur Ver\u00f6ffentlichung: 1x \u00bbDas Geheimnis von Scarecrow\u00ab (Band 1) &amp; 1x \u00bbGreen Garden\u00ab (Band 1)<\/p>\n<p>Gewinnspiel zum 1. Advent: 1x \u00bbB: The Beginning\u00ab (Vol. 1) &amp; 1x \u00bbUltraman\u00ab (Bd. 1 &amp; 2)<br \/>\nmit freundlicher Unterst\u00fctzung von <a href=\"https:\/\/www.leonineanime.com\/\" target=\"_blank\" rel=\"noopener\">Leonine Anime<\/a> und <a href=\"https:\/\/www.tokyopop.de\/\" target=\"_blank\" rel=\"noopener\">Tokyopop<\/a><\/p>\n<p>Gewinnspiel zum 2. Advent: 1x \u00bbViolet Evergarden\u00ab (Vol. 1) &amp; 1x \u00bbBuddy Go!\u00ab (Bd. 1 &amp; 2)<br \/>\nmit freundlicher Unterst\u00fctzung von <a href=\"https:\/\/www.leonineanime.com\/\" target=\"_blank\" rel=\"noopener\">Leonine Anime<\/a> und <a href=\"https:\/\/www.tokyopop.de\/\" target=\"_blank\" rel=\"noopener\">Tokyopop<\/a><\/p>\n<p>Gewinnspiel zum 3. Advent: 1x \u00bbMade in Abyss\u00ab (Vol. 1) &amp; 1x \u00bbBuddy Go!\u00ab (Bd. 1 &amp; 2)<br \/>\nmit freundlicher Unterst\u00fctzung von <a href=\"https:\/\/www.leonineanime.com\/\" target=\"_blank\" rel=\"noopener\">Leonine Anime<\/a> und <a href=\"https:\/\/www.tokyopop.de\/\" target=\"_blank\" rel=\"noopener\">Tokyopop<\/a><\/p>\n<p>Gewinnspiel zum 4. Advent: 1x \u00bbTokyo Magnitude 8.0\u00ab (Die komplette Serie)<br \/>\nmit freundlicher Unterst\u00fctzung von <a href=\"https:\/\/www.leonineanime.com\/\" target=\"_blank\" rel=\"noopener\">Leonine Anime<\/a><\/p>\n<p>Zur Ver\u00f6ffentlichung: 1x \u00bbBurn the Witch\u00ab (Band 1) mit freundlicher Unterst\u00fctzung von <a href=\"https:\/\/www.tokyopop.de\/\" target=\"_blank\" rel=\"noopener\">Tokyopop<\/a><\/p>\n<p>Zur Ver\u00f6ffentlichung: 2x \u00bbI\u2019m Standing on a Million Lives\u00ab (Band 1) mit freundlicher Unterst\u00fctzung von <a href=\"https:\/\/www.cross-cult.de\/manga.html\" target=\"_blank\" rel=\"noopener\">Manga Cult<\/a><\/p>\n<p>Anihabara Streaming Days 2021: 1x \u00bbShin Chan: Crash! K\u00f6nigreich Kritzel und fast vier Helden\u00ab als Blu-ray, 1x 3 Monate Crunchyroll Premium, 1x Tischaufsteller \u00bbFullmetal Alchemist\u00ab, 1x Jutebeutel \u00bbToradora!\u00ab, 1x \u00bbRosen Blood\u00ab (Band 1), 1x \u00bbNo Color Baby\u00ab (Band 1), 1x \u00bbTwilight Outfocus\u00ab (Band 1), 1x \u00bbSuginami on Dungeon Duty\u00ab (Band 1) &amp; 1x \u00bbHell Warden Higuma\u00ab (Band 1) mit freundlicher Unterst\u00fctzung von <a href=\"https:\/\/polyband.de\/ceemes\/page\/show\/964\/search=anim%C3%A9\" target=\"_blank\" rel=\"noopener\">Polyband Anime<\/a>, <a href=\"https:\/\/www.crunchyroll.com\/de\" target=\"_blank\" rel=\"noopener\">Crunchyroll<\/a>, <a href=\"https:\/\/altraverse.de\/\" target=\"_blank\" rel=\"noopener\">Altraverse<\/a>, <a href=\"https:\/\/www.animoon-publishing.de\/\" target=\"_blank\" rel=\"noopener\">AniMoon Publishing<\/a>, <a href=\"http:\/\/www.carlsenmanga.de\/\" target=\"_blank\" rel=\"noopener\">Carlsen Manga<\/a>, <a href=\"https:\/\/www.egmont-manga.de\/\" target=\"_blank\" rel=\"noopener\">Egmont Manga<\/a>,\u00a0<a href=\"https:\/\/www.cross-cult.de\/manga.html\" target=\"_blank\" rel=\"noopener\">Manga Cult<\/a>\u00a0und\u00a0<a href=\"https:\/\/www.tokyopop.de\/\" target=\"_blank\" rel=\"noopener\">Tokyopop<\/a><\/p>\n<p>Zur Ver\u00f6ffentlichung: 2x \u00bbShin Megami Tensei V\u00ab inkl. Jack-Frost-Schl\u00fcsselanh\u00e4nger, Poster &amp; Stickerbogen mit freundlicher Unterst\u00fctzung von <a href=\"https:\/\/www.nintendo.de\/\" target=\"_blank\" rel=\"noopener\">Nintendo<\/a><\/p>\n<p>Gewinnspiel zum 1. Advent: 1x \u00bbShin Chan &#8211; Crash! K\u00f6nigreich Kritzel und fast vier Helden\u00ab als Blu-ray, 1x \u00bbI\u2019m Standing on a Million Lives\u00ab (Band 1), 1x \u00bbSky World Adventures\u00ab (Band 1), 1x\u00a0Jutebeutel \u00bbToradora!\u00ab &amp; 1x 1 Monat Crunchyroll Premium mit freundlicher Unterst\u00fctzung von <a href=\"https:\/\/polyband.de\/ceemes\/page\/show\/964\/search=anim%C3%A9\" target=\"_blank\" rel=\"noopener\">Polyband Anime<\/a>, <a href=\"https:\/\/www.cross-cult.de\/manga.html\" target=\"_blank\" rel=\"noopener\">Manga Cult<\/a>, <a href=\"https:\/\/www.tokyopop.de\/\" target=\"_blank\" rel=\"noopener\">Tokyopop<\/a>,\u00a0<a href=\"https:\/\/www.animoon-publishing.de\/\" target=\"_blank\" rel=\"noopener\">AniMoon Publishing<\/a>\u00a0und\u00a0<a href=\"https:\/\/www.crunchyroll.com\/de\" target=\"_blank\" rel=\"noopener\">Crunchyroll<\/a><\/p>\n<p>Gewinnspiel zum 2. Advent: 1x \u00bbKnights of Sidonia &#8211; Master Edition\u00ab (Band 1), 1x \u00bbTebori\u00ab (Band 1), 1x \u00bbSolo Leveling\u00ab-Tischaufsteller &amp; 1x\u00a0Jutebeutel \u00bbToradora!\u00ab<br \/>\nmit freundlicher Unterst\u00fctzung von <a href=\"https:\/\/www.cross-cult.de\/manga.html\" target=\"_blank\" rel=\"noopener\">Manga Cult<\/a>, <a href=\"https:\/\/altraverse.de\/\" target=\"_blank\" rel=\"noopener\">altraverse<\/a>\u00a0und\u00a0<a href=\"https:\/\/www.animoon-publishing.de\/\" target=\"_blank\" rel=\"noopener\">AniMoon Publishing<\/a><\/p>\n<p>Gewinnspiel zum 3. Advent: 1x \u00bbGiven\u00ab (Band 1\u20134), 1x \u00bbShin Chan &#8211; Crash! K\u00f6nigreich Kritzel und fast vier Helden\u00ab als DVD, 1x\u00a0Jutebeutel \u00bbToradora!\u00ab &amp; 1x \u00bbPromise Cinderella\u00ab (Band 1)<br \/>\nmit freundlicher Unterst\u00fctzung von <a href=\"https:\/\/www.egmont-manga.de\/\" target=\"_blank\" rel=\"noopener\">Egmont Manga<\/a>,\u00a0<a href=\"https:\/\/polyband.de\/ceemes\/page\/show\/964\/search=anim%C3%A9\" target=\"_blank\" rel=\"noopener\">Polyband Anime<\/a>,\u00a0<a href=\"https:\/\/www.animoon-publishing.de\/\" target=\"_blank\" rel=\"noopener\">AniMoon Publishing<\/a>\u00a0und\u00a0<a href=\"https:\/\/www.tokyopop.de\/\" target=\"_blank\" rel=\"noopener\">Tokyopop<\/a><\/p>\n<p>Gewinnspiel zum 4. Advent: 1x \u00bbHorimiya\u00ab (Band 1\u201310), 1x \u00bbOutside Flower\u00ab, 1x \u00bbHell Warden Higuma\u00ab (Band 1), 1x\u00a0Jutebeutel \u00bbToradora!\u00ab &amp; 1x 1 Monat Crunchyroll Premium<br \/>\nmit freundlicher Unterst\u00fctzung von <a href=\"https:\/\/www.egmont-manga.de\/\" target=\"_blank\" rel=\"noopener\">Egmont Manga<\/a>,\u00a0<a href=\"https:\/\/www.tokyopop.de\/\" target=\"_blank\" rel=\"noopener\">Tokyopop<\/a>,\u00a0<a href=\"https:\/\/www.animoon-publishing.de\/\" target=\"_blank\" rel=\"noopener\">AniMoon Publishing<\/a>\u00a0und <a href=\"https:\/\/www.crunchyroll.com\/de\" target=\"_blank\" rel=\"noopener\">Crunchyroll<\/a><\/p>\n<p>Zur Ver\u00f6ffentlichung: 1x \u00bbKirby und das vergessene Land\u00ab inkl. Fan-Paket mit freundlicher Unterst\u00fctzung von <a href=\"https:\/\/www.nintendo.de\/\" target=\"_blank\" rel=\"noopener\">Nintendo<\/a><\/p>\n<p>Zur Ver\u00f6ffentlichung: 1x 2 Tickets f\u00fcr \u00bbDetektiv Conan \u2013 The Movie (25): Die Halloween-Braut\u00ab mit freundlicher Unterst\u00fctzung von <a href=\"https:\/\/kaze-online.de\/\" target=\"_blank\" rel=\"noopener\">Kaz\u00e9 Anime<\/a><\/p>\n<p>Zur Ver\u00f6ffentlichung: 1x 2 Tickets f\u00fcr \u00bbMy Hero Academia \u2013 Movie 3: World Heroes\u2019 Mission\u00ab &amp; 1x \u00bbMy Hero Academia 30 &#8211; Variant Cover\u00ab mit freundlicher Unterst\u00fctzung von <a href=\"https:\/\/kaze-online.de\/\" target=\"_blank\" rel=\"noopener\">Crunchyroll<\/a><\/p>\n<p>Zur Ver\u00f6ffentlichung: 1x \u00bbFire Emblem Warriors: Three Hopes\u00ab inkl. Fan-Paket mit freundlicher Unterst\u00fctzung von <a href=\"https:\/\/www.nintendo.de\/\" target=\"_blank\" rel=\"noopener\">Nintendo<\/a><\/p>\n<p>Zur Ver\u00f6ffentlichung: 1x \u00bbXenoblade Chronicles 3\u00ab mit freundlicher Unterst\u00fctzung von <a href=\"https:\/\/www.nintendo.de\/\" target=\"_blank\" rel=\"noopener\">Nintendo<\/a><\/p>\n<p>Gewinnspiel zum 1. Advent: 1x \u00bbOne Piece\u00ab-Ruffy-Pl\u00fcschfigur, 1x \u00bbOne Piece\u00ab-Chopper-M\u00fcnzbeutel, 1x \u00bbDetektiv Conan\u00ab-Detective-Boys-Tasse, 1x \u00bbDetektiv Conan\u00ab-Schl\u00fcsselanh\u00e4nger, 1x \u00bbAssassination Classroom\u00ab-Kuro-sensei-Acrylfigur mit freundlicher Unterst\u00fctzung von <a href=\"https:\/\/www.linkedin.com\/company\/sakami-merchandise-gmbh\/\" target=\"_blank\" rel=\"noopener\">Sakami<\/a><\/p>\n<p>Gewinnspiel zum 2. Advent: 3x \u00bbFist of the North Star\u00ab (Band 1), \u00bbBlood on the Tracks\u00ab (Band 1), \u00bbMy Boy\u00ab (Band 1) mit freundlicher Unterst\u00fctzung von <a href=\"https:\/\/www.cross-cult.de\/manga.html\" target=\"_blank\" rel=\"noopener\">Manga Cult<\/a><\/p>\n<p>Gewinnspiel zum 3. Advent: 2x \u00bbChibi Maruko Chan\u00ab (Vol. 1), 1x \u00bbMurder Princess\u00ab (Gesamtausgabe) mit freundlicher Unterst\u00fctzung von <a href=\"https:\/\/hardball-films.de\/\" target=\"_blank\" rel=\"noopener\">Hardball Films<\/a><\/p>\n<p>Gewinnspiel zum 4. Advent: 1x \u00bbBELLE\u00ab, 1x \u00bbHyouka\u00ab (Vol. 1) mit freundlicher Unterst\u00fctzung von <a href=\"https:\/\/anime-planet.de\/\" target=\"_blank\" rel=\"noopener\">KSM Anime<\/a><\/p>\n<p>Gewinnspiel zu Weihnachten: 1x \u00bbSplatoon 3\u00ab, 1x \u00bbFire Emblem Warriors: Three Hopes\u00ab, 1x \u00bbBayonetta 3\u00ab mit Stickerb\u00f6gen, Anh\u00e4ngern, Magneten, Notizb\u00fcchern &amp; Co.<br \/>\nmit freundlicher Unterst\u00fctzung von <a href=\"https:\/\/www.nintendo.de\/\" target=\"_blank\" rel=\"noopener\">Nintendo<\/a><\/p>\n<p>Gewinnspiel zu Neujahr: 1x \u00bbNeon Genesis Evangelion &#8211; Perfect Edition\u00ab (Band 1 im Sammelschuber) mit freundlicher Unterst\u00fctzung von <a href=\"https:\/\/www.carlsen.de\/manga\" target=\"_blank\" rel=\"noopener\">Carlsen Manga<\/a><\/p>\n<p>Bayonetta-3-Gewinnspiel: 1x \u00bbBayonetta 3 Trinity Masquerade Edition\u00ab inkl. Steelcase &amp; Goodies mit freundlicher Unterst\u00fctzung von <a href=\"https:\/\/www.nintendo.de\/\" target=\"_blank\" rel=\"noopener\">Nintendo<\/a><\/p>\n","protected":false},"excerpt":{"rendered":"<p>Gef\u00e4llt-Mir-Angaben und Follower sind meist die einzige M\u00f6glichkeit f\u00fcr potenzielle Kooperationspartner, einen Eindruck \u00fcber unsere Reichweite zu bekommen. Unsere Reichweite erm\u00f6glicht uns, tolle Beitr\u00e4ge und Kooperationen an den Start zu bringen. Um euch f\u00fcr die Treue zu danken, verlosen wir beim Erreichen bestimmter Meilensteine, aber auch so, entsprechend Preise. Wir dr\u00fccken euch die Daumen. Sofern [&hellip;]<\/p>\n","protected":false},"author":1,"featured_media":0,"parent":0,"menu_order":0,"comment_status":"closed","ping_status":"closed","template":"","meta":{"_acf_changed":false,"episode_type":"","audio_file":"","cover_image":"","cover_image_id":"","duration":"","filesize":"","date_recorded":"","explicit":"","block":"","filesize_raw":"","footnotes":""},"class_list":["post-19661","page","type-page","status-publish","hentry"],"acf":[],"_links":{"self":[{"href":"https:\/\/anihabara.de\/index.php\/wp-json\/wp\/v2\/pages\/19661","targetHints":{"allow":["GET"]}}],"collection":[{"href":"https:\/\/anihabara.de\/index.php\/wp-json\/wp\/v2\/pages"}],"about":[{"href":"https:\/\/anihabara.de\/index.php\/wp-json\/wp\/v2\/types\/page"}],"author":[{"embeddable":true,"href":"https:\/\/anihabara.de\/index.php\/wp-json\/wp\/v2\/users\/1"}],"replies":[{"embeddable":true,"href":"https:\/\/anihabara.de\/index.php\/wp-json\/wp\/v2\/comments?post=19661"}],"version-history":[{"count":1,"href":"https:\/\/anihabara.de\/index.php\/wp-json\/wp\/v2\/pages\/19661\/revisions"}],"predecessor-version":[{"id":19662,"href":"https:\/\/anihabara.de\/index.php\/wp-json\/wp\/v2\/pages\/19661\/revisions\/19662"}],"wp:attachment":[{"href":"https:\/\/anihabara.de\/index.php\/wp-json\/wp\/v2\/media?parent=19661"}],"curies":[{"name":"wp","href":"https:\/\/api.w.org\/{rel}","templated":true}]}}